{"id":2498,"date":"2023-11-07T10:17:45","date_gmt":"2023-11-07T08:17:45","guid":{"rendered":"https:\/\/krsautocenter.fi\/wp-content\/uploads\/2023\/11\/ad-logo-100x70-lapinakyvatausta-1.png"},"modified":"2023-11-07T10:17:45","modified_gmt":"2023-11-07T08:17:45","slug":"ad-logo-100x70_lapinakyvatausta-3-2","status":"inherit","type":"attachment","link":"https:\/\/krsautocenter.fi\/sv\/etusivu\/ad-logo-100x70_lapinakyvatausta-3-2\/","title":{"rendered":"AD Logo 100x70_l\u00e4pin\u00e4kyv\u00e4tausta"},"author":3,"featured_media":0,"comment_status":"closed","ping_status":"closed","template":"","meta":{"_acf_changed":false},"class_list":["post-2498","attachment","type-attachment","status-inherit","hentry"],"acf":[],"aioseo_notices":[],"description":{"rendered":"<section class=\"wp-sisalto content-section\"><div class=\"row content-section-row\"><div class=\"column\"><p class=\"attachment\"><a href='https:\/\/krsautocenter.fi\/wp-content\/uploads\/2023\/11\/ad-logo-100x70-lapinakyvatausta-1.png'><img loading=\"lazy\" decoding=\"async\" width=\"211\" height=\"144\" src=\"https:\/\/krsautocenter.fi\/wp-content\/uploads\/2023\/11\/ad-logo-100x70-lapinakyvatausta-1.png\" class=\"attachment-medium size-medium\" alt=\"\" \/><\/a><\/p>\n<\/div><\/div><!-- .content-section-row --><\/section><!-- .wp-sisalto -->"},"caption":{"rendered":""},"alt_text":"","media_type":"image","mime_type":"image\/png","media_details":{"width":211,"height":144,"file":"2023\/11\/ad-logo-100x70-lapinakyvatausta-1.png","filesize":30277,"sizes":{},"image_meta":{"aperture":"0","credit":"","camera":"","caption":"","created_timestamp":"0","copyright":"","focal_length":"0","iso":"0","shutter_speed":"0","title":"","orientation":"0","keywords":[]}},"post":2258,"source_url":"https:\/\/krsautocenter.fi\/wp-content\/uploads\/2023\/11\/ad-logo-100x70-lapinakyvatausta-1.png","_links":{"self":[{"href":"https:\/\/krsautocenter.fi\/sv\/wp-json\/wp\/v2\/media\/2498","targetHints":{"allow":["GET"]}}],"collection":[{"href":"https:\/\/krsautocenter.fi\/sv\/wp-json\/wp\/v2\/media"}],"about":[{"href":"https:\/\/krsautocenter.fi\/sv\/wp-json\/wp\/v2\/types\/attachment"}],"author":[{"embeddable":true,"href":"https:\/\/krsautocenter.fi\/sv\/wp-json\/wp\/v2\/users\/3"}],"replies":[{"embeddable":true,"href":"https:\/\/krsautocenter.fi\/sv\/wp-json\/wp\/v2\/comments?post=2498"}]}}

AD Logo 100x70_läpinäkyvätausta
